*j**2 - 3*j + 6. Is l(m) composite?
True
Let b = -187 - -524. Is b composite?
False
Suppose -y - 3 = -w, -y - 4*w + 2*w = -6. Let r be -167 + (y - (0 - 2)). Let b = -118 - r. Is b a composite number?
False
Suppose -o - 3 = -5*f + 2, 3*f + 25 = -5*o. Let p(t) = -t + f*t**2 + 4*t**2 - 1 + 3*t. Is p(-4) a composite number?
True
Suppose -3*d + 72 = -51. Let o = 105 + -69. Let z = o + d. Is z prime?
False
Is 2052 - (6 + -3)/(-3) a prime number?
True
Suppose 2975 + 19192 = 9*j. Is j composite?
True
Suppose 0 = 3*s - 7*s + 3764. Is s composite?
False
Let m(a) be the first derivative of -a**3/3 + 7*a**2/2 + a + 19. Let l be 1 - (1 + -2) - -3. Is m(l) a composite number?
False
Let s(j) = -6*j - j**3 - 5*j**3 - 13 - 8*j**2 + 7*j**3. Is s(10) a composite number?
False
Suppose 3*t = -t + 3*c + 51, -3*t + 47 = -4*c. Suppose -2*u = -5*u + t. Suppose 0 = -u*i + 3 + 9. Is i a prime number?
False
Suppose x = -2*c + 507, 4*c = 2*x + 206 + 788. Is c composite?
False
Let j = 18 + -24. Is 2286/14 + j/21 prime?
True
Let w be (85 + -2)*1/(-1). Let d(t) = 3*t**2 - 5*t + 8. Let f be d(7). Let z = w + f. Is z a prime number?
True
Let b = 8 + -7. Is 47/4*(3 + b) prime?
True
Let t = 1687 - 886. Suppose 4*q - t = -277. Is q a composite number?
False
Let j be 242/8 + 2/(-8). Suppose -j = -5*q + 35. Is q composite?
False
Let i = 5 - 4. Let c be (0 + i)*(-6)/(-2). Suppose -5*d - z - 2*z = -101, 6 = c*z. Is d a prime number?
True
Suppose 4 = 5*u - 4*u. Suppose -2*d - i - i + 40 = 0, -i + 77 = u*d. Is d composite?
False
Let z(m) = -320*m + 3. Is z(-5) a prime number?
False
Let o be 222*(6/4)/3. Suppose 4*u - 3*w = -176, 4*u - 5*w = -111 - 65. Let j = u + o. Is j a prime number?
True
Let i = 12 - 59. Let r = -22 - i. Is 0 + r + -6 + 3 a composite number?
True
Let u = 14 - 7. Let a = 4 - u. Is -9*((-2)/a)/(-1) a prime number?
False
Let i(v) = -v**2 - v + 2. Let w be i(0). Suppose j - w*j = 0. Suppose 3*r + 27 - 228 = j. Is r a composite number?
False
Suppose -3*l = 4*u + 22 + 19, 5*l = 5. Suppose 99 = 4*c + 27. Let h = u + c. Is h a prime number?
True
Let m = -102 - -428. Let j = -199 + m. Is j composite?
False
Is ((-11)/2)/(13/(-208)) + 3 a prime number?
False
Let o = -8 - -4. Let x be (-6)/o*10/3. Suppose 0 = -x*z + z + 28. Is z composite?
False
Let h be 2/(-2)*2 + -8. Let k(s) be the first derivative of s**4/4 + 10*s**3/3 - 5*s**2 + 13*s + 4. Is k(h) a prime number?
True
Suppose 4*h - 2*y - 19 + 5 = 0, -5*h - 2*y + 13 = 0. Suppose 0 = -4*w + h*x + 7 + 26, -5*x = 4*w - 9. Is (-2)/w - 472/(-12) a composite number?
True
Let y = 2 + 1. Let x(m) = 35*m**2 - 1. Let k be x(1). Suppose -y*p + 415 = k. Is p a prime number?
True
Let n(d) = -2*d + 4. Let h be n(4). Let t = h - -6. Suppose 15 = k + 3*z, 3*z + 7 = -t*k + 43. Is k a prime number?
False
Suppose -t + 990 = -699. Is t a prime number?
False
Let q(t) = -t**3 - t**2 + 121. Let v be q(0). Let d = 178 - v. Is d a composite number?
True
Suppose x = t - 775, x + 3*x + 3121 = -3*t. Let h = -545 - x. Is h composite?
False
Suppose -5*x + 16 = 1. Suppose 0 = -4*f - u - 12, 3*u - x = -2*f - 9. Is 3/f - (-6 - 2) composite?
False
Suppose -394 = -2*a + 4*u, -2*a = -3*a + u + 194. Is a a prime number?
True
Suppose -66 = -5*u + 6*u - 3*h, 222 = -4*u - 2*h. Let c = 39 + u. Let z = 37 + c. Is z composite?
False
Is 1 + -2 + (1057 - 1) prime?
False
Let p be 109 + (-2)/2 + 0. Suppose -272 = -5*n + 83. Let l = p - n. Is l a composite number?
False
Let j = 8 - 1. Let s(w) = -10*w + 0 - 3*w**3 - 2 + j*w**2 - 3 + 4*w**3. Is s(-7) a composite number?
True
Is ((-53316)/60)/(1*3/(-15)) a composite number?
True
Let n(d) = -5*d. Let q be n(1). Let k(u) be the third derivative of u**5/60 + u**4/24 + 5*u**3/6 - u**2. Is k(q) composite?
True
Suppose 5*f = 4*x + 3*f - 840, 3*f - 1061 = -5*x. Is x a prime number?
True
Suppose 0*p + 4*p - 1628 = 0. Is p composite?
True
Let n be 0/((-6)/(2 - 5)). Suppose -3*v + 4*v + 2 = n. Is (381/(-6))/(v/4) a composite number?
False
Let x(u) = 9*u**2 - 2*u + 3. Is x(2) prime?
False
Let n be (-3)/6 - (-54)/4. Let c(b) = 6*b + 9. Is c(n) prime?
False
Let g(v) = -5*v - 2. Let w be g(-2). Let q = w + -6. Let h(x) = 6*x**2 - x + 1. Is h(q) a composite number?
False
Let p(r) = r + 9. Let y be p(-4). Suppose 150 = -0*s + s + 4*x, 382 = 3*s - y*x. Is s composite?
True
Let t(u) = -28*u + 5. Let j(r) = -83*r + 14. Let m(h) = 3*j(h) - 8*t(h). Is m(-3) prime?
False
Let t(f) = 4*f + 5. Let v(m) = -16*m - 20. Let q = 10 - 19. Let c(p) = q*t(p) - 2*v(p). Is c(-4) a prime number?
True
Suppose 16 + 15 = j. Is j prime?
True
Let a(r) = r**2 + 2*r - 1. Suppose 0 = u + 5. Is a(u) a prime number?
False
Let b = -1 + 3. Suppose -26 = -b*o + 114. Suppose 3*l + i = o, -3*l + i + 3*i + 65 = 0. Is l composite?
False
Let j = -3982 - -5847. Is j prime?
False
Let a = -35 + 129. Suppose 2*c = 6*c - 140. Let l = c + a. Is l prime?
False
Let v(t) = -t**2 + t + 55. Suppose q - 5*c + 5 = 6*q, -5*c = -5*q - 5. Is v(q) prime?
False
Let t = -3 - -152. Is t a composite number?
False
Suppose 0*p - p + 5 = 0. Suppose 10 + 50 = p*z. Let f = z - -9. Is f a prime number?
False
Is (11/(-2) - -5)*(-143 + 1) a composite number?
False
Let y be -3 + 6 + 8 + -2. Let k(r) = -r**3 + 9*r**2 - 4*r + 0*r - 8 + 7*r. Is k(y) prime?
True
Suppose 4*u - 31 - 25 = 0. Let s be 66/u + 2/7. Suppose 0 = s*a - p - 576, -5*a = -4*p - 0*p - 579. Is a prime?
False
Let j = -5 - -7. Let q = j - 1. Is q/4 + 27/4 a prime number?
True
Suppose 4*k + 1553 = -0*h + 5*h, 4*h = -2*k + 1232. Is h a composite number?
True
Let p(r) = 1630*r**3 + r**2 + 2*r - 2. Is p(1) a composite number?
True
Suppose 4*p + 2*b = 1526, -3*p = -7*b + 4*b - 1122. Is p a prime number?
True
Let a be (1 - 3)/(4/34). Suppose 5*q + 5*g - 6*g = 280, -224 = -4*q + g. Let i = q + a. Is i a prime number?
False
Let x be (-10)/15 - (-544)/6. Let f = -38 + x. Suppose j + j = f. Is j composite?
True
Suppose -4*d - 439 = -5*m, -d = -m - 4*d + 103. Is m a composite number?
True
Let q(c) = -26*c - 8. Let n be 1/(10/11 + -1). Is q(n) a prime number?
False
Suppose 4*r + t - 5 = 0, -3*r + 5*t - 2 = -0*t. Is 3 + 0 - (-110)/r a composite number?
False
Let q be -61 + 2/((-2)/2). Let i = q - -97. Is i prime?
False
Suppose i = 2*i + 4*q - 70, -q = -4*i + 297. Is i a prime number?
False
Let j(f) = -188*f**2 - 3*f - 5. Let y be j(-2). Let g = -444 - y. Is g a prime number?
True
Is (2/(-12)*-3)/(6/3108) composite?
True
Is (-2)/(-10) - (-5136)/20 a composite number?
False
Let d(i) = -40*i**3 + 2*i**2 + 1. Is d(-2) prime?
False
Let j = 7 + -4. Suppose j*u - 10 - 59 = 0. Is u prime?
True
Suppose 62 + 220 = -4*y - m, 0 = -4*y - 4*m - 288. Let s = y - -170. Let r = s - 65. Is r composite?
True
Suppose -5*s - f = -1146, -480 = -2*s + 2*f + 3*f. Suppose -a + s = a. Is a composite?
True
Let p = 14 - 0. Is (-48)/56*p/(-4) composite?
False
Let l = 1999 + -1122. Is l prime?
True
Let n = 4 - 7. Let m be 6/(-4)*2/n. Is m + -2 + 1 + 35 a prime number?
False
Suppose 3*n + 2*w + 16 + 4 = 0, 0 = -2*n + 4*w + 8. Let x = n - -7. Suppose -x*t + 94 = -t. Is t composite?
False
Suppose 2*g - 27 = h - 4*h, -4*g = -3*h + 27. Suppose -108 = -3*d - h. Is d a prime number?
False
Let m(s) = s**3 - 11*s**2 + 4*s - 13. Suppose -5*r = -23 - 32. Is m(r) a composite number?
False
Let j(s) = -3150*s. Let o be j(1). Is o/(-8) - (-8)/32 a composite number?
True
Suppose -2*s + 5*o = 3, 4*s + 5*o - 5 = 4. Let j be s + 4 + -2 - 2. Suppose -2*b + k = -j - 36, b - 16 = k. Is b composite?
True
Suppose -14*y + 10*y + 5132 = 0. Is y a prime number?
True
Let z be (-10)/(-25) + 126/10. Suppose c + 4*v - 257 = 0, c + 3*v - 244 = z. Is c composite?
False
Suppose t = -3*z + 5*z - 44, -5*z = t - 117. Is z composite?
False
Suppose -3*o = 2*t + 863, 0*o + t = 3*o + 869. Let b = o - -408. Let i = b + -60. Is i a composite number?
False
Let x = 1870 - 873. Is x a prime number?
True
Let f = 13 + -6. Suppose -19 - f = 2*n. Let r = -2 - n. Is r a composite number?
False
Suppose -4*p = -3*x + 1811, -5*x = 9*p - 13*p - 3005. Is x a composite number?
True
Suppose 3*u + s = -0*u + 620, -3*u + 600 = -3*s. Is u a composite number?
True
Suppose -9*s + 11*s - 374 = 0. Is s prime?
False
Let n = 7 - 4. Is -2 - (18/(-3) - n) a composite number?
False
Suppose 171 = -4*l - 5*o, -2*l - 2*o + 59 = -3*l. Let c = -24 - l.